
What is -a8 (base 16) in base 9?
-206
1637 (base 10) to base 3
2020122
What is -313230 (base 4) in base 5?
-103224
What is 1004 (base 8) in base 5?
4031
What is 24169 (base 12) in base 9?
73610
Convert 2a9 (base 16) to base 15.
306
What is -1002200 (base 3) in base 15?
-386
113300 (base 4) to base 6
11012
-1111100110111 (base 2) to base 15
-257b
80a (base 11) to base 5
12403
Convert 140450 (base 6) to base 10.
13134
What is 1180 (base 13) in base 11?
1946
What is -1eb6 (base 15) in base 2?
-1101000101000
Convert -181 (base 9) to base 12.
-10a
11770 (base 11) to base 2
100001000000000
Convert -452 (base 8) to base 4.
-10222
-1110111000100001 (base 2) to base 11
-4188a
Convert a411 (base 11) to base 8.
32756
-4287 (base 10) to base 12
-2593
54d (base 15) to base 16
4ae
-a92b (base 12) to base 15
-57ab
What is 1caa (base 14) in base 3?
21012022
Convert c8 (base 13) to base 8.
244
Convert -31333 (base 6) to base 13.
-1c08
What is -23321 (base 4) in base 9?
-1035
What is 110010111110010 (base 2) in base 12?
1312a
-1b1 (base 15) to base 14
-1dd
What is -1322 (base 6) in base 3?
-110112
-a51a (base 12) to base 13
-8284
Convert 151 (base 13) to base 7.
454
What is -19815 (base 11) in base 16?
-6bd4
What is 434 (base 9) in base 2?
101100011
Convert -173 (base 15) to base 7.
-654
What is 330343 (base 5) in base 8?
26124
7a6 (base 11) to base 16
3c3
-200001100 (base 3) to base 13
-5cb2
What is 6b84 (base 16) in base 10?
27524
2100 (base 3) to base 5
223
What is 10022210 (base 3) in base 8?
4570
-c9b4 (base 15) to base 6
-525354
What is -174 (base 13) in base 15?
-129
-1133 (base 13) to base 3
-10022012
-201302 (base 4) to base 12
-1302
What is -3b0 (base 12) in base 13?
-345
What is -200 (base 14) in base 3?
-112112
Convert 655 (base 11) to base 4.
30102
-1442 (base 7) to base 4
-20321
Convert -22022 (base 5) to base 12.
-a60
Convert 347 (base 14) to base 9.
803
2654 (base 10) to base 16
a5e
Convert 14332 (base 13) to base 15.
b367
-478 (base 9) to base 8
-613
-1193 (base 16) to base 15
-14ee
Convert 621 (base 7) to base 12.
219
What is 5104 (base 8) in base 7?
10443
-2a0 (base 11) to base 3
-111001
Convert -73a6 (base 11) to base 2.
-10011001000100
Convert -1231 (base 8) to base 16.
-299
What is 121555 (base 7) in base 16?
56dd
-6625 (base 9) to base 15
-16a8
What is -44444 (base 6) in base 12?
-3724
What is -b2b (base 13) in base 8?
-3550
Convert 1101111100110 (base 2) to base 11.
5403
Convert 24403 (base 7) to base 6.
45301
Convert -1d8e (base 15) to base 13.
-2c0c
-106572 (base 9) to base 16
-f995
Convert acd4 (base 15) to base 10.
36649
133021 (base 4) to base 5
30433
-269a (base 11) to base 16
-da9
57 (base 13) to base 3
2200
What is 17aa (base 12) in base 10?
2866
What is -4df (base 16) in base 14?
-651
Convert 1490 (base 10) to base 8.
2722
Convert -855 (base 12) to base 4.
-103001
What is -1125 (base 10) in base 3?
-1112200
What is -1300b (base 12) in base 8?
-62513
Convert -1010010110000 (base 2) to base 8.
-12260
24433 (base 13) to base 6
1232244
What is -512 (base 7) in base 4?
-3332
Convert -1668 (base 9) to base 16.
-4fd
What is 30b (base 15) in base 16?
2ae
1d0 (base 14) to base 10
378
What is 1666 (base 15) in base 13?
226b
Convert 86 (base 10) to base 6.
222
1131311 (base 4) to base 11
456a
-7c41 (base 13) to base 9
-25850
-1067 (base 8) to base 7
-1440
What is 21230213 (base 4) in base 3?
2000111002
What is 4019 (base 10) in base 13?
1aa2
Convert 65011 (base 8) to base 9.
41211
Convert -14210 (base 5) to base 3.
-1121201
-12111000 (base 3) to base 9
-5430
What is 2343 (base 5) in base 2?
101011100
Convert 12e (base 16) to base 4.
10232
What is 56830 (base 9) in base 3?
1220221000
-100000011 (base 2) to base 7
-520
What is -12405 (base 13) in base 2?
-1000001101100100
Convert 5c61 (base 13) to base 12.
76b0
What is b0b (base 14) in base 4?
201313
-360 (base 9) to base 8
-451
-400004 (base 5) to base 13
-58cb
What is -3430 (base 9) in base 6?
-15430
-31202322 (base 4) to base 8
-154272
What is c03 (base 14) in base 5?
33410
-795 (base 10) to base 12
-563
Convert -211731 (base 8) to base 11.
-49068
Convert 1110001001100 (base 2) to base 7.
30056
135 (base 16) to base 12
219
-458 (base 11) to base 15
-267
6259 (base 11) to base 15
26cc
What is -1670 (base 8) in base 12?
-674
Convert 2419 (base 12) to base 13.
1aca
Convert 2350 (base 12) to base 5.
111243
Convert -4a3 (base 11) to base 7.
-1512
Convert 4441 (base 6) to base 7.
3004
What is 101101012 (base 3) in base 13?
359c
What is -ea (base 16) in base 5?
-1414
What is 35152 (base 7) in base 11?
6846
Convert 6a1 (base 11) to base 16.
345
Convert 187a (base 12) to base 7.
11446
What is 281 (base 15) in base 4?
20323
110000001 (base 2) to base 5
3020
-100023 (base 4) to base 8
-2013
-5b88 (base 14) to base 5
-1002441
Convert 110010001110 (base 2) to base 3.
11102001
-30257 (base 10) to base 16
-7631
Convert -3030 (base 4) to base 9.
-246
-117 (base 13) to base 5
-1224
99 (base 12) to base 3
11100
Convert -107006 (base 8) to base 10.
-36358
What is 324 (base 11) in base 13?
23c
What is -4353 (base 7) in base 5?
-22212
Convert -321354 (base 6) to base 7.
-136420
Convert -10221 (base 3) to base 8.
-152
What is 62340 (base 8) in base 6?
315320
-9549 (base 12) to base 2
-11111111001001
Convert 1184 (base 11) to base 7.
4334
Convert -3b6a (base 14) to base 12.
-6096
-110001011001011 (base 2) to base 3
-1021200201
103112 (base 4) to base 11
a26
Convert 1046 (base 8) to base 5.
4200
Convert -815 (base 11) to base 13.
-5a9
Convert 26237 (base 8) to base 6.
124515
Convert -15012 (base 6) to base 12.
-1468
Convert -33 (base 6) to base 12.
-19
2235 (base 8) to base 12
825
-2300003 (base 4) to base 16
-2c03
-4a4 (base 14) to base 16
-3a0
Convert -153b4 (base 12) to base 14.
-acac
What is -288 (base 9) in base 7?
-464
722 (base 10) to base 16
2d2
Convert -14130 (base 6) to base 9.
-3030
-8080 (base 10) to base 7
-32362
Convert -25 (base 13) to base 15.
-21
What is 110100 (base 4) in base 12?
900
What is -2110 (base 8) in base 13?
-664
Convert 24080 (base 11) to base 13.
12a3a
1211110 (base 4) to base 12
3904
What is -1000100101111 (base 2) in base 4?
-1010233
-4857 (base 9) to base 5
-103431
-51 (base 16) to base 8
-121
-82c8 (base 16) to base 15
-9dc0
Convert -37647 (base 8) to base 3.
-211100112
What is a07 (base 11) in base 10?
1217
-6b02 (base 15) to base 5
-1211402
442104 (base 7) to base 16
12f03
Convert 101212012 (base 3) to base 2.
1111011101100
Convert 14671 (base 12) to base 9.
43204
What is 21101 (base 4) in base 3?
210222
Convert 2107 (base 8) to base 7.
3123
What is -124323 (base 7) in base 10?
-23145
Convert -a79 (base 13) to base 10.
-1790
What is -63d (base 15) in base 10?
-1408
Convert 84fb (base 16) to base 13.
12659
Convert 3041 (base 12) to base 14.
1c9b
41727 (base 9) to base 12
13b51
624 (base 8) to base 5
3104
Convert 10414 (base 7) to base 10.
2608
-2521 (base 14) to base 13
-2c5a
722 (base 9) to base 4
21023
Convert -20222 (base 3) to base 4.
-2330
Convert -1215 (base 6) to base 10.
-299
Convert -7b3 (base 12) to base 14.
-5b9
Convert -19e84 (base 15) to base 6.
-1450054
-98 (base 13) to base 7
-236
What is -1622 (base 11) in base 14?
-a89
What is 4078 (base 12) in base 9?
10542
5049 (base 10) to base 8
11671
What is 1ba5c (base 13) in base 11?
37a41
-101 (base 3) to base 8
-12
1117 (base 16) to base 6
32131
Convert 125235 (base 6) to base 5.
332133
4a77 (base 12) to base 16
20fb
-45c4 (base 13) to base 9
-14381
What is 150123 (base 6) in base 9?
21556
20a9 (base 15) to base 14
2737
Convert 7946 (base 11) to base 13.
49b4
1236 (base 11) to base 5
22422
What is -780 (base 15) in base 9?
-2283
What is -aa5 (base 12) in base 16?
-61d
What is -10da8 (base 14) in base 9?
-62350
What is -d8 (base 16) in base 7?
-426
What is 2942 (base 16) in base 13?
4a66
What is 2223 (base 4) in base 6?
443
What is -222100 (base 3) in base 14?
-38b
What is 1100000101111 (base 2) in base 7?
24023
-2230332 (base 4) to base 13
-5067
Convert 100000011 (base 2) to base 7.
520
Convert 100211 (base 3) to base 11.
221
-20336 (base 9) to base 11
-a080
-113022 (base 4) to base 16
-5ca
Convert 15653 (base 7) to base 11.
3384
8b3 (base 12) to base 8
2407
-1918 (base 14) to base 16
-11b2
What is -1323 (base 5